{"id":4812,"date":"2018-08-22T16:58:32","date_gmt":"2018-08-22T14:58:32","guid":{"rendered":"https:\/\/www.vivez-nature.com\/paris\/?page_id=4812"},"modified":"2019-07-22T12:46:18","modified_gmt":"2019-07-22T10:46:18","slug":"ecolomag","status":"publish","type":"page","link":"https:\/\/www.vivez-nature.com\/paris\/presse\/nos-partenaires-2\/ecolomag\/","title":{"rendered":"Ecolomag"},"content":{"rendered":"<div class=\"page-header\">\n<h1 class=\"page-title\"><img class=\"size-full wp-image-3882 alignnone\" style=\"font-size: 17px; font-weight: 400;\" src=\"https:\/\/www.salon-vinibio.com\/wp-content\/uploads\/2017\/05\/ecolomag.png\" alt=\"\" width=\"150\" height=\"100\" \/><\/h1>\n<\/div>\n<div id=\"primary\">\n<section id=\"post-3813\" class=\"post-3813 page type-page status-publish hentry\">\n<article>\n<div class=\"entry-content clearfix\">\n<p>Cr\u00e9\u00e9 en 2008, L\u2019\u00c9COLOMAG est un journal bimestriel (6 num\u00e9ros par an) de format tablo\u00efd\u00a0diffus\u00e9 gratuitement \u00e0\u00a0<strong>250 000 exemplaires<\/strong>\u00a0\u00e0 travers\u00a0<strong>1 800 magasins sp\u00e9cialis\u00e9s en produits bio &amp; di\u00e9t\u00e9tiques, ind\u00e9pendants ou sous enseignes\u00a0<\/strong>(Alter Mundi \u2013 Artisans du Monde \u2013 Biocoop \u2013 Biomonde \u2013 Bio Store \u2013 Botanic \u00a0\u2013 Boutique Nature \u2013 Caron Bio \u2013 Croc Nature \u2013 La Vie Claire \u2013 La Vie Saine \u2013 L\u2019Eau Vive \u2013 Le Grand Panier Bio \u2013 \u00a0Les Nouveaux Robinson \/\u00a0Bio G\u00e9n\u00e9ration \u2013 Naturalia \u2013 Natur\u00e9o \u2013 Satoriz,\u2026.)\u00a0<strong>ainsi que sur les principaux salons bio<\/strong>.<\/p>\n<p><strong>Nous comptons parmi les m\u00e9dias les plus diffus\u00e9s en magasins bio.\u00a0<\/strong><\/p>\n<p>Notre ligne \u00e9ditoriale consiste \u00e0 apporter un maximum d\u2019<strong>informations pratiques\u00a0<\/strong>\u00e0 nos lecteurs, qui sont tous des consommateurs de produits bio et naturels,\u00a0en leur proposant des recettes, des bons plans \u00e9colos, des astuces pour la maison, la sant\u00e9, la beaut\u00e9, l\u2019\u00e9ducation, le tourisme, les loisirs, le jardin, les plaisirs de la table, \u2026<\/p>\n<p>Nos rubriques:<strong>\u00a0\u00e9conews\u00a0\u2013\u00a0\u00e9cofinances\u00a0\u2013\u00a0\u00e9co\u2026.logis\u00a0\u2013\u00a0\u00e9coloisirs\u00a0\u2013\u00a0\u00e9colomiam\u00a0\u2013sant\u00e9, bien-\u00eatre &amp; beaut\u00e9\u00a0\u2013\u00a0coin des parents\u00a0\u2013\u00a0petites annonces<\/strong><\/p>\n<p>Une formule d\u2019abonnement a \u00e9t\u00e9 mise en place pour permettre aux lecteurs de recevoir l\u2019\u00e9colomag \u00e0 leur domicile\u00a0: 23,80 \u20ac pour 6 num\u00e9ros<\/p>\n<p>L\u2019\u00e9colomag, c\u2019est aussi\u00a0:<\/p>\n<p>Un site internet\u00a0<strong>www.ecolomag.fr\u00a0<\/strong>comptant\u00a0<strong>+ d\u2019 1 million de visiteurs chaque ann\u00e9e. <\/strong>Ce site permet aux internautes\u00a0de:<\/p>\n<ul>\n<li>Visualiser le num\u00e9ro en cours<\/li>\n<li>T\u00e9l\u00e9charger ou visualiser l\u2019ensemble des num\u00e9ros d\u00e9j\u00e0 parus<\/li>\n<li>Retrouver l\u2019ensembles des articles parus class\u00e9s par rubrique et par th\u00e8me<\/li>\n<li>Trouver plein d\u2019informations utiles g\u00e9olocalis\u00e9es par d\u00e9partement<\/li>\n<li>Suivre l\u2019agenda des salons sp\u00e9cialis\u00e9s dans le bio et le naturel<\/li>\n<li>Acc\u00e9der \u00e0 l\u2019ensemble des dessins r\u00e9alis\u00e9 par Jic\u00e9, l\u2019illustrateur de l\u2019\u00e9colomag<\/li>\n<li>D\u00e9couvrir les lancements de produits<\/li>\n<li>Retrouver l\u2019actualit\u00e9 de nos partenaires et annonceurs<\/li>\n<\/ul>\n<p><strong>Et une page Facebook\u00a0<\/strong><\/p>\n<p><strong><a href=\"https:\/\/www.facebook.com\/pages\/Ecolomag-Officiel\/639462789459829?fref=ts\" target=\"_blank\" rel=\"noopener noreferrer\">https:\/\/www.facebook.com\/pages\/Ecolomag-Officiel\/639462789459829?fref=ts<\/a><br \/>\n<\/strong><\/p>\n<p>Cette page cr\u00e9\u00e9e en avril 2014 permet de suivre l\u2019actualit\u00e9 li\u00e9e \u00e0 l\u2019\u00e9cologie dans son sens le plus large et de d\u00e9couvrir de tr\u00e8s nombreuses initiatives en France comme \u00e0 l\u2019\u00e9tranger. Une multitude d\u2019informations sont propos\u00e9es sur cette page, qui suscite d\u2019importantes port\u00e9es de publications et de mentions j\u2019aime.<\/p>\n<p><strong><label>Site web<\/label><\/strong><\/p>\n<p><a href=\"http:\/\/www.ecolomag.fr\/\" target=\"_blank\" rel=\"noopener noreferrer\">http:\/\/www.ecolomag.fr\/<\/a><\/p>\n<\/div>\n<\/article>\n<\/section>\n<\/div>\n","protected":false},"excerpt":{"rendered":"<p>Cr\u00e9\u00e9 en 2008, L\u2019\u00c9COLOMAG est un journal bimestriel (6 num\u00e9ros par an) de format tablo\u00efd\u00a0diffus\u00e9 gratuitement \u00e0\u00a0250 000 exemplaires\u00a0\u00e0 travers\u00a01 800 magasins sp\u00e9cialis\u00e9s en produits bio &amp; di\u00e9t\u00e9tiques, ind\u00e9pendants ou sous enseignes\u00a0(Alter Mundi \u2013 Artisans du Monde \u2013 Biocoop \u2013 Biomonde \u2013 Bio Store \u2013 Botanic \u00a0\u2013 Boutique Nature \u2013 Caron Bio \u2013 Croc Nature&hellip; <\/p>\n","protected":false},"author":1,"featured_media":0,"parent":4805,"menu_order":0,"comment_status":"closed","ping_status":"closed","template":"","meta":{"_monsterinsights_skip_tracking":false,"_monsterinsights_sitenote_active":false,"_monsterinsights_sitenote_note":"","_monsterinsights_sitenote_category":0},"yoast_head":"<!-- This site is optimized with the Yoast SEO plugin v19.0 - https:\/\/yoast.com\/wordpress\/plugins\/seo\/ -->\n<title>Ecolomag - VIVEZ NATURE PARIS<\/title>\n<meta name=\"robots\" content=\"index, follow, max-snippet:-1, max-image-preview:large, max-video-preview:-1\" \/>\n<link rel=\"canonical\" href=\"https:\/\/www.vivez-nature.com\/paris\/presse\/nos-partenaires-2\/ecolomag\/\" \/>\n<meta property=\"og:locale\" content=\"fr_FR\" \/>\n<meta property=\"og:type\" content=\"article\" \/>\n<meta property=\"og:title\" content=\"Ecolomag - VIVEZ NATURE PARIS\" \/>\n<meta property=\"og:description\" content=\"Cr\u00e9\u00e9 en 2008, L\u2019\u00c9COLOMAG est un journal bimestriel (6 num\u00e9ros par an) de format tablo\u00efd\u00a0diffus\u00e9 gratuitement \u00e0\u00a0250 000 exemplaires\u00a0\u00e0 travers\u00a01 800 magasins sp\u00e9cialis\u00e9s en produits bio &amp; di\u00e9t\u00e9tiques, ind\u00e9pendants ou sous enseignes\u00a0(Alter Mundi \u2013 Artisans du Monde \u2013 Biocoop \u2013 Biomonde \u2013 Bio Store \u2013 Botanic \u00a0\u2013 Boutique Nature \u2013 Caron Bio \u2013 Croc Nature&hellip;\" \/>\n<meta property=\"og:url\" content=\"https:\/\/www.vivez-nature.com\/paris\/presse\/nos-partenaires-2\/ecolomag\/\" \/>\n<meta property=\"og:site_name\" content=\"VIVEZ NATURE PARIS\" \/>\n<meta property=\"article:modified_time\" content=\"2019-07-22T10:46:18+00:00\" \/>\n<meta property=\"og:image\" content=\"https:\/\/www.salon-vinibio.com\/wp-content\/uploads\/2017\/05\/ecolomag.png\" \/>\n<meta name=\"twitter:card\" content=\"summary_large_image\" \/>\n<meta name=\"twitter:label1\" content=\"Dur\u00e9e de lecture estim\u00e9e\" \/>\n\t<meta name=\"twitter:data1\" content=\"2 minutes\" \/>\n<script type=\"application\/ld+json\" class=\"yoast-schema-graph\">{\"@context\":\"https:\/\/schema.org\",\"@graph\":[{\"@type\":\"WebSite\",\"@id\":\"https:\/\/www.vivez-nature.com\/paris\/#website\",\"url\":\"https:\/\/www.vivez-nature.com\/paris\/\",\"name\":\"VIVEZ NATURE PARIS\",\"description\":\"Salon Bio Nature et Bien-\u00eatre\",\"potentialAction\":[{\"@type\":\"SearchAction\",\"target\":{\"@type\":\"EntryPoint\",\"urlTemplate\":\"https:\/\/www.vivez-nature.com\/paris\/?s={search_term_string}\"},\"query-input\":\"required name=search_term_string\"}],\"inLanguage\":\"fr-FR\"},{\"@type\":\"ImageObject\",\"inLanguage\":\"fr-FR\",\"@id\":\"https:\/\/www.vivez-nature.com\/paris\/presse\/nos-partenaires-2\/ecolomag\/#primaryimage\",\"url\":\"https:\/\/www.salon-vinibio.com\/wp-content\/uploads\/2017\/05\/ecolomag.png\",\"contentUrl\":\"https:\/\/www.salon-vinibio.com\/wp-content\/uploads\/2017\/05\/ecolomag.png\"},{\"@type\":\"WebPage\",\"@id\":\"https:\/\/www.vivez-nature.com\/paris\/presse\/nos-partenaires-2\/ecolomag\/#webpage\",\"url\":\"https:\/\/www.vivez-nature.com\/paris\/presse\/nos-partenaires-2\/ecolomag\/\",\"name\":\"Ecolomag - VIVEZ NATURE PARIS\",\"isPartOf\":{\"@id\":\"https:\/\/www.vivez-nature.com\/paris\/#website\"},\"primaryImageOfPage\":{\"@id\":\"https:\/\/www.vivez-nature.com\/paris\/presse\/nos-partenaires-2\/ecolomag\/#primaryimage\"},\"datePublished\":\"2018-08-22T14:58:32+00:00\",\"dateModified\":\"2019-07-22T10:46:18+00:00\",\"breadcrumb\":{\"@id\":\"https:\/\/www.vivez-nature.com\/paris\/presse\/nos-partenaires-2\/ecolomag\/#breadcrumb\"},\"inLanguage\":\"fr-FR\",\"potentialAction\":[{\"@type\":\"ReadAction\",\"target\":[\"https:\/\/www.vivez-nature.com\/paris\/presse\/nos-partenaires-2\/ecolomag\/\"]}]},{\"@type\":\"BreadcrumbList\",\"@id\":\"https:\/\/www.vivez-nature.com\/paris\/presse\/nos-partenaires-2\/ecolomag\/#breadcrumb\",\"itemListElement\":[{\"@type\":\"ListItem\",\"position\":1,\"name\":\"Accueil\",\"item\":\"https:\/\/www.vivez-nature.com\/paris\/\"},{\"@type\":\"ListItem\",\"position\":2,\"name\":\"Presse et partenaires\",\"item\":\"https:\/\/www.vivez-nature.com\/paris\/presse\/\"},{\"@type\":\"ListItem\",\"position\":3,\"name\":\"Nos partenaires\",\"item\":\"https:\/\/www.vivez-nature.com\/paris\/presse\/nos-partenaires-2\/\"},{\"@type\":\"ListItem\",\"position\":4,\"name\":\"Ecolomag\"}]}]}<\/script>\n<!-- \/ Yoast SEO plugin. -->","yoast_head_json":{"title":"Ecolomag - VIVEZ NATURE PARIS","robots":{"index":"index","follow":"follow","max-snippet":"max-snippet:-1","max-image-preview":"max-image-preview:large","max-video-preview":"max-video-preview:-1"},"canonical":"https:\/\/www.vivez-nature.com\/paris\/presse\/nos-partenaires-2\/ecolomag\/","og_locale":"fr_FR","og_type":"article","og_title":"Ecolomag - VIVEZ NATURE PARIS","og_description":"Cr\u00e9\u00e9 en 2008, L\u2019\u00c9COLOMAG est un journal bimestriel (6 num\u00e9ros par an) de format tablo\u00efd\u00a0diffus\u00e9 gratuitement \u00e0\u00a0250 000 exemplaires\u00a0\u00e0 travers\u00a01 800 magasins sp\u00e9cialis\u00e9s en produits bio &amp; di\u00e9t\u00e9tiques, ind\u00e9pendants ou sous enseignes\u00a0(Alter Mundi \u2013 Artisans du Monde \u2013 Biocoop \u2013 Biomonde \u2013 Bio Store \u2013 Botanic \u00a0\u2013 Boutique Nature \u2013 Caron Bio \u2013 Croc Nature&hellip;","og_url":"https:\/\/www.vivez-nature.com\/paris\/presse\/nos-partenaires-2\/ecolomag\/","og_site_name":"VIVEZ NATURE PARIS","article_modified_time":"2019-07-22T10:46:18+00:00","og_image":[{"url":"https:\/\/www.salon-vinibio.com\/wp-content\/uploads\/2017\/05\/ecolomag.png"}],"twitter_card":"summary_large_image","twitter_misc":{"Dur\u00e9e de lecture estim\u00e9e":"2 minutes"},"schema":{"@context":"https:\/\/schema.org","@graph":[{"@type":"WebSite","@id":"https:\/\/www.vivez-nature.com\/paris\/#website","url":"https:\/\/www.vivez-nature.com\/paris\/","name":"VIVEZ NATURE PARIS","description":"Salon Bio Nature et Bien-\u00eatre","potentialAction":[{"@type":"SearchAction","target":{"@type":"EntryPoint","urlTemplate":"https:\/\/www.vivez-nature.com\/paris\/?s={search_term_string}"},"query-input":"required name=search_term_string"}],"inLanguage":"fr-FR"},{"@type":"ImageObject","inLanguage":"fr-FR","@id":"https:\/\/www.vivez-nature.com\/paris\/presse\/nos-partenaires-2\/ecolomag\/#primaryimage","url":"https:\/\/www.salon-vinibio.com\/wp-content\/uploads\/2017\/05\/ecolomag.png","contentUrl":"https:\/\/www.salon-vinibio.com\/wp-content\/uploads\/2017\/05\/ecolomag.png"},{"@type":"WebPage","@id":"https:\/\/www.vivez-nature.com\/paris\/presse\/nos-partenaires-2\/ecolomag\/#webpage","url":"https:\/\/www.vivez-nature.com\/paris\/presse\/nos-partenaires-2\/ecolomag\/","name":"Ecolomag - VIVEZ NATURE PARIS","isPartOf":{"@id":"https:\/\/www.vivez-nature.com\/paris\/#website"},"primaryImageOfPage":{"@id":"https:\/\/www.vivez-nature.com\/paris\/presse\/nos-partenaires-2\/ecolomag\/#primaryimage"},"datePublished":"2018-08-22T14:58:32+00:00","dateModified":"2019-07-22T10:46:18+00:00","breadcrumb":{"@id":"https:\/\/www.vivez-nature.com\/paris\/presse\/nos-partenaires-2\/ecolomag\/#breadcrumb"},"inLanguage":"fr-FR","potentialAction":[{"@type":"ReadAction","target":["https:\/\/www.vivez-nature.com\/paris\/presse\/nos-partenaires-2\/ecolomag\/"]}]},{"@type":"BreadcrumbList","@id":"https:\/\/www.vivez-nature.com\/paris\/presse\/nos-partenaires-2\/ecolomag\/#breadcrumb","itemListElement":[{"@type":"ListItem","position":1,"name":"Accueil","item":"https:\/\/www.vivez-nature.com\/paris\/"},{"@type":"ListItem","position":2,"name":"Presse et partenaires","item":"https:\/\/www.vivez-nature.com\/paris\/presse\/"},{"@type":"ListItem","position":3,"name":"Nos partenaires","item":"https:\/\/www.vivez-nature.com\/paris\/presse\/nos-partenaires-2\/"},{"@type":"ListItem","position":4,"name":"Ecolomag"}]}]}},"_links":{"self":[{"href":"https:\/\/www.vivez-nature.com\/paris\/wp-json\/wp\/v2\/pages\/4812"}],"collection":[{"href":"https:\/\/www.vivez-nature.com\/paris\/wp-json\/wp\/v2\/pages"}],"about":[{"href":"https:\/\/www.vivez-nature.com\/paris\/wp-json\/wp\/v2\/types\/page"}],"author":[{"embeddable":true,"href":"https:\/\/www.vivez-nature.com\/paris\/wp-json\/wp\/v2\/users\/1"}],"replies":[{"embeddable":true,"href":"https:\/\/www.vivez-nature.com\/paris\/wp-json\/wp\/v2\/comments?post=4812"}],"version-history":[{"count":1,"href":"https:\/\/www.vivez-nature.com\/paris\/wp-json\/wp\/v2\/pages\/4812\/revisions"}],"predecessor-version":[{"id":4813,"href":"https:\/\/www.vivez-nature.com\/paris\/wp-json\/wp\/v2\/pages\/4812\/revisions\/4813"}],"up":[{"embeddable":true,"href":"https:\/\/www.vivez-nature.com\/paris\/wp-json\/wp\/v2\/pages\/4805"}],"wp:attachment":[{"href":"https:\/\/www.vivez-nature.com\/paris\/wp-json\/wp\/v2\/media?parent=4812"}],"curies":[{"name":"wp","href":"https:\/\/api.w.org\/{rel}","templated":true}]}}