{"id":5325,"date":"2018-10-30T12:10:51","date_gmt":"2018-10-30T11:10:51","guid":{"rendered":"https:\/\/www.vivez-nature.com\/paris\/?page_id=5325"},"modified":"2019-07-22T12:41:24","modified_gmt":"2019-07-22T10:41:24","slug":"annuaire-vert","status":"publish","type":"page","link":"https:\/\/www.vivez-nature.com\/paris\/presse\/nos-partenaires-2\/annuaire-vert\/","title":{"rendered":"Annuaire Vert"},"content":{"rendered":"<div class=\"page-header\">\n<h1 class=\"page-title\">Annuaire vert<\/h1>\n<\/div>\n<div id=\"primary\">\n<section id=\"post-4434\" class=\"post-4434 page type-page status-publish hentry\">\n<article>\n<div class=\"entry-content clearfix\">\n<p><img class=\"alignnone size-full wp-image-4433\" src=\"https:\/\/www.salon-marjolaine.com\/wp-content\/uploads\/2017\/06\/petit_annuairevert.png\" alt=\"\" width=\"150\" height=\"100\" \/><\/p>\n<p>Annuaire d\u00e9di\u00e9 aux professionnels et au grand public visant \u00e0 mettre en avant les acteurs du secteur et leurs produits. Il constitue un portail incontournable pour trouver une soci\u00e9t\u00e9, une marque ou un produit.<\/p>\n<p><strong>Site web<\/strong><\/p>\n<p><a href=\"http:\/\/www.annuairevert.com\/\" target=\"_blank\" rel=\"noopener noreferrer\">http:\/\/www.annuairevert.com\/<\/a><\/p>\n<\/div>\n<\/article>\n<\/section>\n<\/div>\n","protected":false},"excerpt":{"rendered":"<p>Annuaire vert Annuaire d\u00e9di\u00e9 aux professionnels et au grand public visant \u00e0 mettre en avant les acteurs du secteur et leurs produits. Il constitue un portail incontournable pour trouver une soci\u00e9t\u00e9, une marque ou un produit. Site web http:\/\/www.annuairevert.com\/<\/p>\n","protected":false},"author":1,"featured_media":0,"parent":4805,"menu_order":0,"comment_status":"closed","ping_status":"closed","template":"","meta":{"_monsterinsights_skip_tracking":false,"_monsterinsights_sitenote_active":false,"_monsterinsights_sitenote_note":"","_monsterinsights_sitenote_category":0},"yoast_head":"<!-- This site is optimized with the Yoast SEO plugin v19.0 - https:\/\/yoast.com\/wordpress\/plugins\/seo\/ -->\n<title>Annuaire Vert - VIVEZ NATURE PARIS<\/title>\n<meta name=\"robots\" content=\"index, follow, max-snippet:-1, max-image-preview:large, max-video-preview:-1\" \/>\n<link rel=\"canonical\" href=\"https:\/\/www.vivez-nature.com\/paris\/presse\/nos-partenaires-2\/annuaire-vert\/\" \/>\n<meta property=\"og:locale\" content=\"fr_FR\" \/>\n<meta property=\"og:type\" content=\"article\" \/>\n<meta property=\"og:title\" content=\"Annuaire Vert - VIVEZ NATURE PARIS\" \/>\n<meta property=\"og:description\" content=\"Annuaire vert Annuaire d\u00e9di\u00e9 aux professionnels et au grand public visant \u00e0 mettre en avant les acteurs du secteur et leurs produits. Il constitue un portail incontournable pour trouver une soci\u00e9t\u00e9, une marque ou un produit. Site web http:\/\/www.annuairevert.com\/\" \/>\n<meta property=\"og:url\" content=\"https:\/\/www.vivez-nature.com\/paris\/presse\/nos-partenaires-2\/annuaire-vert\/\" \/>\n<meta property=\"og:site_name\" content=\"VIVEZ NATURE PARIS\" \/>\n<meta property=\"article:modified_time\" content=\"2019-07-22T10:41:24+00:00\" \/>\n<meta property=\"og:image\" content=\"https:\/\/www.salon-marjolaine.com\/wp-content\/uploads\/2017\/06\/petit_annuairevert.png\" \/>\n<meta name=\"twitter:card\" content=\"summary_large_image\" \/>\n<script type=\"application\/ld+json\" class=\"yoast-schema-graph\">{\"@context\":\"https:\/\/schema.org\",\"@graph\":[{\"@type\":\"WebSite\",\"@id\":\"https:\/\/www.vivez-nature.com\/paris\/#website\",\"url\":\"https:\/\/www.vivez-nature.com\/paris\/\",\"name\":\"VIVEZ NATURE PARIS\",\"description\":\"Salon Bio Nature et Bien-\u00eatre\",\"potentialAction\":[{\"@type\":\"SearchAction\",\"target\":{\"@type\":\"EntryPoint\",\"urlTemplate\":\"https:\/\/www.vivez-nature.com\/paris\/?s={search_term_string}\"},\"query-input\":\"required name=search_term_string\"}],\"inLanguage\":\"fr-FR\"},{\"@type\":\"ImageObject\",\"inLanguage\":\"fr-FR\",\"@id\":\"https:\/\/www.vivez-nature.com\/paris\/presse\/nos-partenaires-2\/annuaire-vert\/#primaryimage\",\"url\":\"https:\/\/www.salon-marjolaine.com\/wp-content\/uploads\/2017\/06\/petit_annuairevert.png\",\"contentUrl\":\"https:\/\/www.salon-marjolaine.com\/wp-content\/uploads\/2017\/06\/petit_annuairevert.png\"},{\"@type\":\"WebPage\",\"@id\":\"https:\/\/www.vivez-nature.com\/paris\/presse\/nos-partenaires-2\/annuaire-vert\/#webpage\",\"url\":\"https:\/\/www.vivez-nature.com\/paris\/presse\/nos-partenaires-2\/annuaire-vert\/\",\"name\":\"Annuaire Vert - VIVEZ NATURE PARIS\",\"isPartOf\":{\"@id\":\"https:\/\/www.vivez-nature.com\/paris\/#website\"},\"primaryImageOfPage\":{\"@id\":\"https:\/\/www.vivez-nature.com\/paris\/presse\/nos-partenaires-2\/annuaire-vert\/#primaryimage\"},\"datePublished\":\"2018-10-30T11:10:51+00:00\",\"dateModified\":\"2019-07-22T10:41:24+00:00\",\"breadcrumb\":{\"@id\":\"https:\/\/www.vivez-nature.com\/paris\/presse\/nos-partenaires-2\/annuaire-vert\/#breadcrumb\"},\"inLanguage\":\"fr-FR\",\"potentialAction\":[{\"@type\":\"ReadAction\",\"target\":[\"https:\/\/www.vivez-nature.com\/paris\/presse\/nos-partenaires-2\/annuaire-vert\/\"]}]},{\"@type\":\"BreadcrumbList\",\"@id\":\"https:\/\/www.vivez-nature.com\/paris\/presse\/nos-partenaires-2\/annuaire-vert\/#breadcrumb\",\"itemListElement\":[{\"@type\":\"ListItem\",\"position\":1,\"name\":\"Accueil\",\"item\":\"https:\/\/www.vivez-nature.com\/paris\/\"},{\"@type\":\"ListItem\",\"position\":2,\"name\":\"Presse et partenaires\",\"item\":\"https:\/\/www.vivez-nature.com\/paris\/presse\/\"},{\"@type\":\"ListItem\",\"position\":3,\"name\":\"Nos partenaires\",\"item\":\"https:\/\/www.vivez-nature.com\/paris\/presse\/nos-partenaires-2\/\"},{\"@type\":\"ListItem\",\"position\":4,\"name\":\"Annuaire Vert\"}]}]}<\/script>\n<!-- \/ Yoast SEO plugin. -->","yoast_head_json":{"title":"Annuaire Vert - VIVEZ NATURE PARIS","robots":{"index":"index","follow":"follow","max-snippet":"max-snippet:-1","max-image-preview":"max-image-preview:large","max-video-preview":"max-video-preview:-1"},"canonical":"https:\/\/www.vivez-nature.com\/paris\/presse\/nos-partenaires-2\/annuaire-vert\/","og_locale":"fr_FR","og_type":"article","og_title":"Annuaire Vert - VIVEZ NATURE PARIS","og_description":"Annuaire vert Annuaire d\u00e9di\u00e9 aux professionnels et au grand public visant \u00e0 mettre en avant les acteurs du secteur et leurs produits. Il constitue un portail incontournable pour trouver une soci\u00e9t\u00e9, une marque ou un produit. Site web http:\/\/www.annuairevert.com\/","og_url":"https:\/\/www.vivez-nature.com\/paris\/presse\/nos-partenaires-2\/annuaire-vert\/","og_site_name":"VIVEZ NATURE PARIS","article_modified_time":"2019-07-22T10:41:24+00:00","og_image":[{"url":"https:\/\/www.salon-marjolaine.com\/wp-content\/uploads\/2017\/06\/petit_annuairevert.png"}],"twitter_card":"summary_large_image","schema":{"@context":"https:\/\/schema.org","@graph":[{"@type":"WebSite","@id":"https:\/\/www.vivez-nature.com\/paris\/#website","url":"https:\/\/www.vivez-nature.com\/paris\/","name":"VIVEZ NATURE PARIS","description":"Salon Bio Nature et Bien-\u00eatre","potentialAction":[{"@type":"SearchAction","target":{"@type":"EntryPoint","urlTemplate":"https:\/\/www.vivez-nature.com\/paris\/?s={search_term_string}"},"query-input":"required name=search_term_string"}],"inLanguage":"fr-FR"},{"@type":"ImageObject","inLanguage":"fr-FR","@id":"https:\/\/www.vivez-nature.com\/paris\/presse\/nos-partenaires-2\/annuaire-vert\/#primaryimage","url":"https:\/\/www.salon-marjolaine.com\/wp-content\/uploads\/2017\/06\/petit_annuairevert.png","contentUrl":"https:\/\/www.salon-marjolaine.com\/wp-content\/uploads\/2017\/06\/petit_annuairevert.png"},{"@type":"WebPage","@id":"https:\/\/www.vivez-nature.com\/paris\/presse\/nos-partenaires-2\/annuaire-vert\/#webpage","url":"https:\/\/www.vivez-nature.com\/paris\/presse\/nos-partenaires-2\/annuaire-vert\/","name":"Annuaire Vert - VIVEZ NATURE PARIS","isPartOf":{"@id":"https:\/\/www.vivez-nature.com\/paris\/#website"},"primaryImageOfPage":{"@id":"https:\/\/www.vivez-nature.com\/paris\/presse\/nos-partenaires-2\/annuaire-vert\/#primaryimage"},"datePublished":"2018-10-30T11:10:51+00:00","dateModified":"2019-07-22T10:41:24+00:00","breadcrumb":{"@id":"https:\/\/www.vivez-nature.com\/paris\/presse\/nos-partenaires-2\/annuaire-vert\/#breadcrumb"},"inLanguage":"fr-FR","potentialAction":[{"@type":"ReadAction","target":["https:\/\/www.vivez-nature.com\/paris\/presse\/nos-partenaires-2\/annuaire-vert\/"]}]},{"@type":"BreadcrumbList","@id":"https:\/\/www.vivez-nature.com\/paris\/presse\/nos-partenaires-2\/annuaire-vert\/#breadcrumb","itemListElement":[{"@type":"ListItem","position":1,"name":"Accueil","item":"https:\/\/www.vivez-nature.com\/paris\/"},{"@type":"ListItem","position":2,"name":"Presse et partenaires","item":"https:\/\/www.vivez-nature.com\/paris\/presse\/"},{"@type":"ListItem","position":3,"name":"Nos partenaires","item":"https:\/\/www.vivez-nature.com\/paris\/presse\/nos-partenaires-2\/"},{"@type":"ListItem","position":4,"name":"Annuaire Vert"}]}]}},"_links":{"self":[{"href":"https:\/\/www.vivez-nature.com\/paris\/wp-json\/wp\/v2\/pages\/5325"}],"collection":[{"href":"https:\/\/www.vivez-nature.com\/paris\/wp-json\/wp\/v2\/pages"}],"about":[{"href":"https:\/\/www.vivez-nature.com\/paris\/wp-json\/wp\/v2\/types\/page"}],"author":[{"embeddable":true,"href":"https:\/\/www.vivez-nature.com\/paris\/wp-json\/wp\/v2\/users\/1"}],"replies":[{"embeddable":true,"href":"https:\/\/www.vivez-nature.com\/paris\/wp-json\/wp\/v2\/comments?post=5325"}],"version-history":[{"count":2,"href":"https:\/\/www.vivez-nature.com\/paris\/wp-json\/wp\/v2\/pages\/5325\/revisions"}],"predecessor-version":[{"id":6349,"href":"https:\/\/www.vivez-nature.com\/paris\/wp-json\/wp\/v2\/pages\/5325\/revisions\/6349"}],"up":[{"embeddable":true,"href":"https:\/\/www.vivez-nature.com\/paris\/wp-json\/wp\/v2\/pages\/4805"}],"wp:attachment":[{"href":"https:\/\/www.vivez-nature.com\/paris\/wp-json\/wp\/v2\/media?parent=5325"}],"curies":[{"name":"wp","href":"https:\/\/api.w.org\/{rel}","templated":true}]}}