{"id":5804,"date":"2019-01-09T11:41:15","date_gmt":"2019-01-09T10:41:15","guid":{"rendered":"https:\/\/www.vivez-nature.com\/paris\/?page_id=5804"},"modified":"2019-01-09T11:41:15","modified_gmt":"2019-01-09T10:41:15","slug":"bioaddict","status":"publish","type":"page","link":"https:\/\/www.vivez-nature.com\/paris\/presse\/nos-partenaires-2\/bioaddict\/","title":{"rendered":"Bioaddict"},"content":{"rendered":"<div class=\"page-header\">\n<h1 class=\"page-title\"><img class=\" wp-image-3881 alignnone\" style=\"font-size: 17px; font-weight: 400;\" src=\"https:\/\/www.salon-vinibio.com\/wp-content\/uploads\/2017\/05\/bioaddict.jpg\" sizes=\"(max-width: 319px) 100vw, 319px\" srcset=\"https:\/\/www.salon-vinibio.com\/wp-content\/uploads\/2017\/05\/bioaddict.jpg 1581w, https:\/\/www.salon-vinibio.com\/wp-content\/uploads\/2017\/05\/bioaddict-300x56.jpg 300w, https:\/\/www.salon-vinibio.com\/wp-content\/uploads\/2017\/05\/bioaddict-768x144.jpg 768w, https:\/\/www.salon-vinibio.com\/wp-content\/uploads\/2017\/05\/bioaddict-1024x192.jpg 1024w, https:\/\/www.salon-vinibio.com\/wp-content\/uploads\/2017\/05\/bioaddict-150x28.jpg 150w, https:\/\/www.salon-vinibio.com\/wp-content\/uploads\/2017\/05\/bioaddict-500x94.jpg 500w\" alt=\"\" width=\"319\" height=\"60\" \/><\/h1>\n<\/div>\n<div id=\"primary\">\n<section id=\"post-3810\" class=\"post-3810 page type-page status-publish hentry\">\n<article>\n<div class=\"entry-content clearfix\">\n<p>Bioaddict.fr est un journal grand public gratuit sp\u00e9cialis\u00e9 sur les domaines du bio, de l\u2019\u00e9cologie et du d\u00e9veloppement durable.<br \/>\nPour comprendre, apprendre et agir, Bioaddict.fr couvre une large gamme de sujets \u00e0 travers 6 rubriques :<br \/>\n\u2013 Maison : \u00e9co-habitat, jardinage, d\u00e9coration<\/p>\n<p>\u2013 Alimentation sant\u00e9, cuisine et recettes<\/p>\n<p>\u2013 Beaut\u00e9, cosm\u00e9tiques, mode, bien-\u00eatre<\/p>\n<p>\u2013 Loisirs : \u00e9co-tourisme, \u00e9v\u00e9nements, bons plans sorties<\/p>\n<p>\u2013 Environnement et r\u00e9glementation : actualit\u00e9s, politique et \u00e9conomie<br \/>\nArticles, news, flash infos, interviews, reportages, recettes de cuisine, fiches pratiques, bons plans et astuces, bonnes adresses, espace shopping\u2026 retrouvez toute l\u2019info pour un monde plus bio sur le site www.bioaddict.fr.<\/p>\n<p>Nouveaut\u00e9 : D\u00e9couvrez la BIOADDICT MAP !<\/p>\n<p>Restaurants, h\u00f4tels, march\u00e9s, boulangeries, boucheries, petits producteurs\u2026 la BIOADDICT MAP r\u00e9f\u00e9rence pour la premi\u00e8re fois en France toutes les adresses bio et \u00e9cologiques pr\u00e8s de chez vous ! Rendez-vous sur le site www.bioaddict.fr !<\/p>\n<p><strong>Site web<\/strong><\/p>\n<p><a href=\"http:\/\/www.bioaddict.fr\/\" target=\"_blank\" rel=\"noopener noreferrer\">http:\/\/www.bioaddict.fr<\/a><\/p>\n<\/div>\n<\/article>\n<\/section>\n<\/div>\n","protected":false},"excerpt":{"rendered":"<p>Bioaddict.fr est un journal grand public gratuit sp\u00e9cialis\u00e9 sur les domaines du bio, de l\u2019\u00e9cologie et du d\u00e9veloppement durable. Pour comprendre, apprendre et agir, Bioaddict.fr couvre une large gamme de sujets \u00e0 travers 6 rubriques : \u2013 Maison : \u00e9co-habitat, jardinage, d\u00e9coration \u2013 Alimentation sant\u00e9, cuisine et recettes \u2013 Beaut\u00e9, cosm\u00e9tiques, mode, bien-\u00eatre \u2013 Loisirs&hellip; <\/p>\n","protected":false},"author":1,"featured_media":0,"parent":4805,"menu_order":0,"comment_status":"closed","ping_status":"closed","template":"","meta":{"_monsterinsights_skip_tracking":false,"_monsterinsights_sitenote_active":false,"_monsterinsights_sitenote_note":"","_monsterinsights_sitenote_category":0},"yoast_head":"<!-- This site is optimized with the Yoast SEO plugin v19.0 - https:\/\/yoast.com\/wordpress\/plugins\/seo\/ -->\n<title>Bioaddict - VIVEZ NATURE PARIS<\/title>\n<meta name=\"robots\" content=\"index, follow, max-snippet:-1, max-image-preview:large, max-video-preview:-1\" \/>\n<link rel=\"canonical\" href=\"https:\/\/www.vivez-nature.com\/paris\/presse\/nos-partenaires-2\/bioaddict\/\" \/>\n<meta property=\"og:locale\" content=\"fr_FR\" \/>\n<meta property=\"og:type\" content=\"article\" \/>\n<meta property=\"og:title\" content=\"Bioaddict - VIVEZ NATURE PARIS\" \/>\n<meta property=\"og:description\" content=\"Bioaddict.fr est un journal grand public gratuit sp\u00e9cialis\u00e9 sur les domaines du bio, de l\u2019\u00e9cologie et du d\u00e9veloppement durable. Pour comprendre, apprendre et agir, Bioaddict.fr couvre une large gamme de sujets \u00e0 travers 6 rubriques : \u2013 Maison : \u00e9co-habitat, jardinage, d\u00e9coration \u2013 Alimentation sant\u00e9, cuisine et recettes \u2013 Beaut\u00e9, cosm\u00e9tiques, mode, bien-\u00eatre \u2013 Loisirs&hellip;\" \/>\n<meta property=\"og:url\" content=\"https:\/\/www.vivez-nature.com\/paris\/presse\/nos-partenaires-2\/bioaddict\/\" \/>\n<meta property=\"og:site_name\" content=\"VIVEZ NATURE PARIS\" \/>\n<meta property=\"og:image\" content=\"https:\/\/www.salon-vinibio.com\/wp-content\/uploads\/2017\/05\/bioaddict.jpg\" \/>\n<meta name=\"twitter:card\" content=\"summary_large_image\" \/>\n<meta name=\"twitter:label1\" content=\"Dur\u00e9e de lecture estim\u00e9e\" \/>\n\t<meta name=\"twitter:data1\" content=\"1 minute\" \/>\n<script type=\"application\/ld+json\" class=\"yoast-schema-graph\">{\"@context\":\"https:\/\/schema.org\",\"@graph\":[{\"@type\":\"WebSite\",\"@id\":\"https:\/\/www.vivez-nature.com\/paris\/#website\",\"url\":\"https:\/\/www.vivez-nature.com\/paris\/\",\"name\":\"VIVEZ NATURE PARIS\",\"description\":\"Salon Bio Nature et Bien-\u00eatre\",\"potentialAction\":[{\"@type\":\"SearchAction\",\"target\":{\"@type\":\"EntryPoint\",\"urlTemplate\":\"https:\/\/www.vivez-nature.com\/paris\/?s={search_term_string}\"},\"query-input\":\"required name=search_term_string\"}],\"inLanguage\":\"fr-FR\"},{\"@type\":\"ImageObject\",\"inLanguage\":\"fr-FR\",\"@id\":\"https:\/\/www.vivez-nature.com\/paris\/presse\/nos-partenaires-2\/bioaddict\/#primaryimage\",\"url\":\"https:\/\/www.salon-vinibio.com\/wp-content\/uploads\/2017\/05\/bioaddict.jpg\",\"contentUrl\":\"https:\/\/www.salon-vinibio.com\/wp-content\/uploads\/2017\/05\/bioaddict.jpg\"},{\"@type\":\"WebPage\",\"@id\":\"https:\/\/www.vivez-nature.com\/paris\/presse\/nos-partenaires-2\/bioaddict\/#webpage\",\"url\":\"https:\/\/www.vivez-nature.com\/paris\/presse\/nos-partenaires-2\/bioaddict\/\",\"name\":\"Bioaddict - VIVEZ NATURE PARIS\",\"isPartOf\":{\"@id\":\"https:\/\/www.vivez-nature.com\/paris\/#website\"},\"primaryImageOfPage\":{\"@id\":\"https:\/\/www.vivez-nature.com\/paris\/presse\/nos-partenaires-2\/bioaddict\/#primaryimage\"},\"datePublished\":\"2019-01-09T10:41:15+00:00\",\"dateModified\":\"2019-01-09T10:41:15+00:00\",\"breadcrumb\":{\"@id\":\"https:\/\/www.vivez-nature.com\/paris\/presse\/nos-partenaires-2\/bioaddict\/#breadcrumb\"},\"inLanguage\":\"fr-FR\",\"potentialAction\":[{\"@type\":\"ReadAction\",\"target\":[\"https:\/\/www.vivez-nature.com\/paris\/presse\/nos-partenaires-2\/bioaddict\/\"]}]},{\"@type\":\"BreadcrumbList\",\"@id\":\"https:\/\/www.vivez-nature.com\/paris\/presse\/nos-partenaires-2\/bioaddict\/#breadcrumb\",\"itemListElement\":[{\"@type\":\"ListItem\",\"position\":1,\"name\":\"Accueil\",\"item\":\"https:\/\/www.vivez-nature.com\/paris\/\"},{\"@type\":\"ListItem\",\"position\":2,\"name\":\"Presse et partenaires\",\"item\":\"https:\/\/www.vivez-nature.com\/paris\/presse\/\"},{\"@type\":\"ListItem\",\"position\":3,\"name\":\"Nos partenaires\",\"item\":\"https:\/\/www.vivez-nature.com\/paris\/presse\/nos-partenaires-2\/\"},{\"@type\":\"ListItem\",\"position\":4,\"name\":\"Bioaddict\"}]}]}<\/script>\n<!-- \/ Yoast SEO plugin. -->","yoast_head_json":{"title":"Bioaddict - VIVEZ NATURE PARIS","robots":{"index":"index","follow":"follow","max-snippet":"max-snippet:-1","max-image-preview":"max-image-preview:large","max-video-preview":"max-video-preview:-1"},"canonical":"https:\/\/www.vivez-nature.com\/paris\/presse\/nos-partenaires-2\/bioaddict\/","og_locale":"fr_FR","og_type":"article","og_title":"Bioaddict - VIVEZ NATURE PARIS","og_description":"Bioaddict.fr est un journal grand public gratuit sp\u00e9cialis\u00e9 sur les domaines du bio, de l\u2019\u00e9cologie et du d\u00e9veloppement durable. Pour comprendre, apprendre et agir, Bioaddict.fr couvre une large gamme de sujets \u00e0 travers 6 rubriques : \u2013 Maison : \u00e9co-habitat, jardinage, d\u00e9coration \u2013 Alimentation sant\u00e9, cuisine et recettes \u2013 Beaut\u00e9, cosm\u00e9tiques, mode, bien-\u00eatre \u2013 Loisirs&hellip;","og_url":"https:\/\/www.vivez-nature.com\/paris\/presse\/nos-partenaires-2\/bioaddict\/","og_site_name":"VIVEZ NATURE PARIS","og_image":[{"url":"https:\/\/www.salon-vinibio.com\/wp-content\/uploads\/2017\/05\/bioaddict.jpg"}],"twitter_card":"summary_large_image","twitter_misc":{"Dur\u00e9e de lecture estim\u00e9e":"1 minute"},"schema":{"@context":"https:\/\/schema.org","@graph":[{"@type":"WebSite","@id":"https:\/\/www.vivez-nature.com\/paris\/#website","url":"https:\/\/www.vivez-nature.com\/paris\/","name":"VIVEZ NATURE PARIS","description":"Salon Bio Nature et Bien-\u00eatre","potentialAction":[{"@type":"SearchAction","target":{"@type":"EntryPoint","urlTemplate":"https:\/\/www.vivez-nature.com\/paris\/?s={search_term_string}"},"query-input":"required name=search_term_string"}],"inLanguage":"fr-FR"},{"@type":"ImageObject","inLanguage":"fr-FR","@id":"https:\/\/www.vivez-nature.com\/paris\/presse\/nos-partenaires-2\/bioaddict\/#primaryimage","url":"https:\/\/www.salon-vinibio.com\/wp-content\/uploads\/2017\/05\/bioaddict.jpg","contentUrl":"https:\/\/www.salon-vinibio.com\/wp-content\/uploads\/2017\/05\/bioaddict.jpg"},{"@type":"WebPage","@id":"https:\/\/www.vivez-nature.com\/paris\/presse\/nos-partenaires-2\/bioaddict\/#webpage","url":"https:\/\/www.vivez-nature.com\/paris\/presse\/nos-partenaires-2\/bioaddict\/","name":"Bioaddict - VIVEZ NATURE PARIS","isPartOf":{"@id":"https:\/\/www.vivez-nature.com\/paris\/#website"},"primaryImageOfPage":{"@id":"https:\/\/www.vivez-nature.com\/paris\/presse\/nos-partenaires-2\/bioaddict\/#primaryimage"},"datePublished":"2019-01-09T10:41:15+00:00","dateModified":"2019-01-09T10:41:15+00:00","breadcrumb":{"@id":"https:\/\/www.vivez-nature.com\/paris\/presse\/nos-partenaires-2\/bioaddict\/#breadcrumb"},"inLanguage":"fr-FR","potentialAction":[{"@type":"ReadAction","target":["https:\/\/www.vivez-nature.com\/paris\/presse\/nos-partenaires-2\/bioaddict\/"]}]},{"@type":"BreadcrumbList","@id":"https:\/\/www.vivez-nature.com\/paris\/presse\/nos-partenaires-2\/bioaddict\/#breadcrumb","itemListElement":[{"@type":"ListItem","position":1,"name":"Accueil","item":"https:\/\/www.vivez-nature.com\/paris\/"},{"@type":"ListItem","position":2,"name":"Presse et partenaires","item":"https:\/\/www.vivez-nature.com\/paris\/presse\/"},{"@type":"ListItem","position":3,"name":"Nos partenaires","item":"https:\/\/www.vivez-nature.com\/paris\/presse\/nos-partenaires-2\/"},{"@type":"ListItem","position":4,"name":"Bioaddict"}]}]}},"_links":{"self":[{"href":"https:\/\/www.vivez-nature.com\/paris\/wp-json\/wp\/v2\/pages\/5804"}],"collection":[{"href":"https:\/\/www.vivez-nature.com\/paris\/wp-json\/wp\/v2\/pages"}],"about":[{"href":"https:\/\/www.vivez-nature.com\/paris\/wp-json\/wp\/v2\/types\/page"}],"author":[{"embeddable":true,"href":"https:\/\/www.vivez-nature.com\/paris\/wp-json\/wp\/v2\/users\/1"}],"replies":[{"embeddable":true,"href":"https:\/\/www.vivez-nature.com\/paris\/wp-json\/wp\/v2\/comments?post=5804"}],"version-history":[{"count":1,"href":"https:\/\/www.vivez-nature.com\/paris\/wp-json\/wp\/v2\/pages\/5804\/revisions"}],"predecessor-version":[{"id":5805,"href":"https:\/\/www.vivez-nature.com\/paris\/wp-json\/wp\/v2\/pages\/5804\/revisions\/5805"}],"up":[{"embeddable":true,"href":"https:\/\/www.vivez-nature.com\/paris\/wp-json\/wp\/v2\/pages\/4805"}],"wp:attachment":[{"href":"https:\/\/www.vivez-nature.com\/paris\/wp-json\/wp\/v2\/media?parent=5804"}],"curies":[{"name":"wp","href":"https:\/\/api.w.org\/{rel}","templated":true}]}}