{"id":6317,"date":"2019-02-12T14:07:05","date_gmt":"2019-02-12T13:07:05","guid":{"rendered":"https:\/\/www.vivez-nature.com\/paris\/?page_id=6317"},"modified":"2019-02-12T14:07:05","modified_gmt":"2019-02-12T13:07:05","slug":"le-salon-en-photo","status":"publish","type":"page","link":"https:\/\/www.vivez-nature.com\/paris\/visiter\/le-salon-en-photo\/","title":{"rendered":"Le salon en photo"},"content":{"rendered":"<p>D\u00e9couvrez ci-dessous une s\u00e9lection de photos de l&rsquo;\u00e9dition 2019.\u00a0<\/p>\n<div id=\"grid-gallery-1-41617\" data-gg-id=\"1\" data-title=\"Vivez Nature Janvier 18\" data-grid-type=\"0\" data-offset=\"5.3\" data-area-position=\"center\" data-icons=\"false\" data-preloader=\"true\" data-width=\"215\" data-height=\"215\" data-padding=\"0\" data-quicksand=\"disabled\" data-quicksand-duration=\"1800\" data-popup-theme=\"theme_6\" data-popup-type=\"pretty-photo\" data-popup-image-text=\"data-description\" data-popup-widthsize=\"auto\" data-popup-heightsize=\"auto\" data-popup-i18n-words=\"{&quot;close&quot;:&quot;fermer&quot;,&quot;next&quot;:&quot;suivant&quot;,&quot;previous&quot;:&quot;pr\\u00e9c\\u00e9dent&quot;,&quot;start_slideshow&quot;:&quot;d\\u00e9marrer le diaporama&quot;,&quot;stop_slideshow&quot;:&quot;arr\\u00e9ter le diaporama&quot;,&quot;image&quot;:&quot;image&quot;,&quot;of&quot;:&quot;de&quot;,&quot;prev&quot;:&quot;pr\\u00e9c.&quot;,&quot;cExpand&quot;:&quot;Agrandir&quot;,&quot;cPrevious&quot;:&quot;Pr\\u00e9c\\u00e9dent&quot;,&quot;cNext&quot;:&quot;Suivant&quot;,&quot;cExpandStr&quot;:&quot;Agrandir l&#039;image&quot;,&quot;cRotate&quot;:&quot;Pivoter&quot;,&quot;cDetails&quot;:&quot;Details&quot;}\" data-popup-slideshow=\"false\" data-popup-slideshow-speed=\"2500\" data-popup-hoverstop=\"true\" data-popup-slideshow-auto=\"false\" data-popup-background=\"\" data-popup-transparency=\"30\" data-popup-disable-history=\"\" data-popup-disable-changed-url=\"\" data-popup-border-type=\"\" data-popup-border-color=\"\" data-popup-border-width=\"\" data-popup-border-enable=\"\" data-fullscreen=\"false\" data-hide-tooltip=\"false\" data-caption-font-family=\"Default\" data-caption-text-size=\"14px\" data-is-mobile=\"0\" data-caption-mobile=\"false\" data-hide-long-tltp-title=\"0\" data-caption-disabled-on-mobile=\"false\" data-lazyload-enable='1' data-popup-placement-type=\"0\" data-social-sharing=\"{&quot;enabled&quot;:&quot;&quot;,&quot;gallerySharing&quot;:{&quot;enabled&quot;:null,&quot;position&quot;:null},&quot;imageSharing&quot;:{&quot;enabled&quot;:null,&quot;wrapperClass&quot;:&quot; vertical \\n &quot;},&quot;popupSharing&quot;:{&quot;enabled&quot;:null,&quot;wrapperClass&quot;:&quot; vertical \\n &quot;}}\" class=\"grid-gallery grid-gallery-fixed \" style=\" width:100%; height:auto ; margin-left:auto; margin-right:auto; position:relative;\" > <div class=\"gallery-loading\"> <div class=\"blocks\"> <div class=\"block\"><\/div> <div class=\"block\"><\/div> <div class=\"block\"><\/div> <div class=\"block\"><\/div> <\/div> <\/div> <div class=\"gallery-sharing-top\"><\/div> <div id=\"photos-1\" class=\"grid-gallery-photos \" > <a id=\"gg-1-1\" class=\"gg-link \" href=\"https:\/\/www.vivez-nature.com\/paris\/wp-content\/uploads\/sites\/4\/2019\/02\/09_VIVEZ-NATURE-2019_\u00a9Photo-Faust-Favart_.jpg?gid=1\" target=\"_self\" title=\"09_VIVEZ NATURE 2019_\u00a9Photo Faust Favart_\" data-rel=\"prettyPhoto[pp_gal]\" style=\"border-radius: 0px;\" ><FIGURE class=\"grid-gallery-caption \" data-grid-gallery-type=\"quarter-slide-up\" data-index=\"0\" style=\"display:none;border-radius: 0px; ; margin: 5.3px; width:215px;\" ><div class=\"crop \" style=\" width:215px; height:215px; overflow:hidden; \"><img data-gg-real-image-href=\"https:\/\/www.vivez-nature.com\/paris\/wp-content\/uploads\/sites\/4\/2019\/02\/09_VIVEZ-NATURE-2019_\u00a9Photo-Faust-Favart_-215x215.jpg\" src=\"https:\/\/www.vivez-nature.com\/paris\/wp-content\/uploads\/sites\/4\/2019\/02\/09_VIVEZ-NATURE-2019_\u00a9Photo-Faust-Favart_-215x215.jpg\" class=\"ggImg ggLazyImg\" alt=\"09_VIVEZ NATURE 2019_\u00a9Photo Faust Favart_\" title=\"09_VIVEZ NATURE 2019_\u00a9Photo Faust Favart_\" data-description=\"09_VIVEZ NATURE 2019_\u00a9Photo Faust Favart_\" data-caption=\"09_VIVEZ NATURE 2019_\u00a9Photo Faust Favart_\" data-title=\"09_VIVEZ NATURE 2019_\u00a9Photo Faust Favart_\" style=\" width:215px; height:215px; \" \/><\/div><FIGCAPTION class=\"\" data-alpha=\"5\" style=\"color:#ffffff; background-color:#6f0000; font-size:14px; text-align:2; font-family:Default;\" ><div class=\"grid-gallery-figcaption-wrap\" style=\" vertical-align:; \"><\/div><\/FIGCAPTION><\/FIGURE><\/a> <a id=\"gg-1-2\" class=\"gg-link \" href=\"https:\/\/www.vivez-nature.com\/paris\/wp-content\/uploads\/sites\/4\/2019\/02\/33_VIVEZ-NATURE-2019_\u00a9Photo-Faust-Favart_.jpg?gid=1\" target=\"_self\" title=\"33_VIVEZ NATURE 2019_\u00a9Photo Faust Favart_\" data-rel=\"prettyPhoto[pp_gal]\" style=\"border-radius: 0px;\" ><FIGURE class=\"grid-gallery-caption \" data-grid-gallery-type=\"quarter-slide-up\" data-index=\"1\" style=\"display:none;border-radius: 0px; ; margin: 5.3px; width:215px;\" ><div class=\"crop \" style=\" width:215px; height:215px; overflow:hidden; \"><img data-gg-real-image-href=\"https:\/\/www.vivez-nature.com\/paris\/wp-content\/uploads\/sites\/4\/2019\/02\/33_VIVEZ-NATURE-2019_\u00a9Photo-Faust-Favart_-215x215.jpg\" src=\"https:\/\/www.vivez-nature.com\/paris\/wp-content\/uploads\/sites\/4\/2019\/02\/33_VIVEZ-NATURE-2019_\u00a9Photo-Faust-Favart_-215x215.jpg\" class=\"ggImg ggLazyImg\" alt=\"33_VIVEZ NATURE 2019_\u00a9Photo Faust Favart_\" title=\"33_VIVEZ NATURE 2019_\u00a9Photo Faust Favart_\" data-description=\"33_VIVEZ NATURE 2019_\u00a9Photo Faust Favart_\" data-caption=\"33_VIVEZ NATURE 2019_\u00a9Photo Faust Favart_\" data-title=\"33_VIVEZ NATURE 2019_\u00a9Photo Faust Favart_\" style=\" width:215px; height:215px; \" \/><\/div><FIGCAPTION class=\"\" data-alpha=\"5\" style=\"color:#ffffff; background-color:#6f0000; font-size:14px; text-align:2; font-family:Default;\" ><div class=\"grid-gallery-figcaption-wrap\" style=\" vertical-align:; \"><\/div><\/FIGCAPTION><\/FIGURE><\/a> <a id=\"gg-1-3\" class=\"gg-link \" href=\"https:\/\/www.vivez-nature.com\/paris\/wp-content\/uploads\/sites\/4\/2019\/02\/12_VIVEZ-NATURE-2019_\u00a9Photo-Faust-Favart_.jpg?gid=1\" target=\"_self\" title=\"12_VIVEZ NATURE 2019_\u00a9Photo Faust Favart_\" data-rel=\"prettyPhoto[pp_gal]\" style=\"border-radius: 0px;\" ><FIGURE class=\"grid-gallery-caption \" data-grid-gallery-type=\"quarter-slide-up\" data-index=\"2\" style=\"display:none;border-radius: 0px; ; margin: 5.3px; width:215px;\" ><div class=\"crop \" style=\" width:215px; height:215px; overflow:hidden; \"><img data-gg-real-image-href=\"https:\/\/www.vivez-nature.com\/paris\/wp-content\/uploads\/sites\/4\/2019\/02\/12_VIVEZ-NATURE-2019_\u00a9Photo-Faust-Favart_-215x215.jpg\" src=\"https:\/\/www.vivez-nature.com\/paris\/wp-content\/uploads\/sites\/4\/2019\/02\/12_VIVEZ-NATURE-2019_\u00a9Photo-Faust-Favart_-215x215.jpg\" class=\"ggImg ggLazyImg\" alt=\"12_VIVEZ NATURE 2019_\u00a9Photo Faust Favart_\" title=\"12_VIVEZ NATURE 2019_\u00a9Photo Faust Favart_\" data-description=\"12_VIVEZ NATURE 2019_\u00a9Photo Faust Favart_\" data-caption=\"12_VIVEZ NATURE 2019_\u00a9Photo Faust Favart_\" data-title=\"12_VIVEZ NATURE 2019_\u00a9Photo Faust Favart_\" style=\" width:215px; height:215px; \" \/><\/div><FIGCAPTION class=\"\" data-alpha=\"5\" style=\"color:#ffffff; background-color:#6f0000; font-size:14px; text-align:2; font-family:Default;\" ><div class=\"grid-gallery-figcaption-wrap\" style=\" vertical-align:; \"><\/div><\/FIGCAPTION><\/FIGURE><\/a> <a id=\"gg-1-4\" class=\"gg-link \" href=\"https:\/\/www.vivez-nature.com\/paris\/wp-content\/uploads\/sites\/4\/2019\/02\/18_VIVEZ-NATURE-2019_\u00a9Photo-Faust-Favart_.jpg?gid=1\" target=\"_self\" title=\"18_VIVEZ NATURE 2019_\u00a9Photo Faust Favart_\" data-rel=\"prettyPhoto[pp_gal]\" style=\"border-radius: 0px;\" ><FIGURE class=\"grid-gallery-caption \" data-grid-gallery-type=\"quarter-slide-up\" data-index=\"3\" style=\"display:none;border-radius: 0px; ; margin: 5.3px; width:215px;\" ><div class=\"crop \" style=\" width:215px; height:215px; overflow:hidden; \"><img data-gg-real-image-href=\"https:\/\/www.vivez-nature.com\/paris\/wp-content\/uploads\/sites\/4\/2019\/02\/18_VIVEZ-NATURE-2019_\u00a9Photo-Faust-Favart_-215x215.jpg\" src=\"https:\/\/www.vivez-nature.com\/paris\/wp-content\/uploads\/sites\/4\/2019\/02\/18_VIVEZ-NATURE-2019_\u00a9Photo-Faust-Favart_-215x215.jpg\" class=\"ggImg ggLazyImg\" alt=\"18_VIVEZ NATURE 2019_\u00a9Photo Faust Favart_\" title=\"18_VIVEZ NATURE 2019_\u00a9Photo Faust Favart_\" data-description=\"18_VIVEZ NATURE 2019_\u00a9Photo Faust Favart_\" data-caption=\"18_VIVEZ NATURE 2019_\u00a9Photo Faust Favart_\" data-title=\"18_VIVEZ NATURE 2019_\u00a9Photo Faust Favart_\" style=\" width:215px; height:215px; \" \/><\/div><FIGCAPTION class=\"\" data-alpha=\"5\" style=\"color:#ffffff; background-color:#6f0000; font-size:14px; text-align:2; font-family:Default;\" ><div class=\"grid-gallery-figcaption-wrap\" style=\" vertical-align:; \"><\/div><\/FIGCAPTION><\/FIGURE><\/a> <a id=\"gg-1-5\" class=\"gg-link \" href=\"https:\/\/www.vivez-nature.com\/paris\/wp-content\/uploads\/sites\/4\/2019\/02\/31_VIVEZ-NATURE-2019_\u00a9Photo-Faust-Favart_.jpg?gid=1\" target=\"_self\" title=\"31_VIVEZ NATURE 2019_\u00a9Photo Faust Favart_\" data-rel=\"prettyPhoto[pp_gal]\" style=\"border-radius: 0px;\" ><FIGURE class=\"grid-gallery-caption \" data-grid-gallery-type=\"quarter-slide-up\" data-index=\"4\" style=\"display:none;border-radius: 0px; ; margin: 5.3px; width:215px;\" ><div class=\"crop \" style=\" width:215px; height:215px; overflow:hidden; \"><img data-gg-real-image-href=\"https:\/\/www.vivez-nature.com\/paris\/wp-content\/uploads\/sites\/4\/2019\/02\/31_VIVEZ-NATURE-2019_\u00a9Photo-Faust-Favart_-215x215.jpg\" src=\"https:\/\/www.vivez-nature.com\/paris\/wp-content\/uploads\/sites\/4\/2019\/02\/31_VIVEZ-NATURE-2019_\u00a9Photo-Faust-Favart_-215x215.jpg\" class=\"ggImg ggLazyImg\" alt=\"31_VIVEZ NATURE 2019_\u00a9Photo Faust Favart_\" title=\"31_VIVEZ NATURE 2019_\u00a9Photo Faust Favart_\" data-description=\"31_VIVEZ NATURE 2019_\u00a9Photo Faust Favart_\" data-caption=\"31_VIVEZ NATURE 2019_\u00a9Photo Faust Favart_\" data-title=\"31_VIVEZ NATURE 2019_\u00a9Photo Faust Favart_\" style=\" width:215px; height:215px; \" \/><\/div><FIGCAPTION class=\"\" data-alpha=\"5\" style=\"color:#ffffff; background-color:#6f0000; font-size:14px; text-align:2; font-family:Default;\" ><div class=\"grid-gallery-figcaption-wrap\" style=\" vertical-align:; \"><\/div><\/FIGCAPTION><\/FIGURE><\/a> <a id=\"gg-1-6\" class=\"gg-link \" href=\"https:\/\/www.vivez-nature.com\/paris\/wp-content\/uploads\/sites\/4\/2019\/02\/24_VIVEZ-NATURE-2019_\u00a9Photo-Faust-Favart_.jpg?gid=1\" target=\"_self\" title=\"24_VIVEZ NATURE 2019_\u00a9Photo Faust Favart_\" data-rel=\"prettyPhoto[pp_gal]\" style=\"border-radius: 0px;\" ><FIGURE class=\"grid-gallery-caption \" data-grid-gallery-type=\"quarter-slide-up\" data-index=\"5\" style=\"display:none;border-radius: 0px; ; margin: 5.3px; width:215px;\" ><div class=\"crop \" style=\" width:215px; height:215px; overflow:hidden; \"><img data-gg-real-image-href=\"https:\/\/www.vivez-nature.com\/paris\/wp-content\/uploads\/sites\/4\/2019\/02\/24_VIVEZ-NATURE-2019_\u00a9Photo-Faust-Favart_-215x215.jpg\" src=\"https:\/\/www.vivez-nature.com\/paris\/wp-content\/uploads\/sites\/4\/2019\/02\/24_VIVEZ-NATURE-2019_\u00a9Photo-Faust-Favart_-215x215.jpg\" class=\"ggImg ggLazyImg\" alt=\"24_VIVEZ NATURE 2019_\u00a9Photo Faust Favart_\" title=\"24_VIVEZ NATURE 2019_\u00a9Photo Faust Favart_\" data-description=\"24_VIVEZ NATURE 2019_\u00a9Photo Faust Favart_\" data-caption=\"24_VIVEZ NATURE 2019_\u00a9Photo Faust Favart_\" data-title=\"24_VIVEZ NATURE 2019_\u00a9Photo Faust Favart_\" style=\" width:215px; height:215px; \" \/><\/div><FIGCAPTION class=\"\" data-alpha=\"5\" style=\"color:#ffffff; background-color:#6f0000; font-size:14px; text-align:2; font-family:Default;\" ><div class=\"grid-gallery-figcaption-wrap\" style=\" vertical-align:; \"><\/div><\/FIGCAPTION><\/FIGURE><\/a> <a id=\"gg-1-7\" class=\"gg-link \" href=\"https:\/\/www.vivez-nature.com\/paris\/wp-content\/uploads\/sites\/4\/2019\/02\/22_VIVEZ-NATURE-2019_\u00a9Photo-Faust-Favart_.jpg?gid=1\" target=\"_self\" title=\"22_VIVEZ NATURE 2019_\u00a9Photo Faust Favart_\" data-rel=\"prettyPhoto[pp_gal]\" style=\"border-radius: 0px;\" ><FIGURE class=\"grid-gallery-caption \" data-grid-gallery-type=\"quarter-slide-up\" data-index=\"6\" style=\"display:none;border-radius: 0px; ; margin: 5.3px; width:215px;\" ><div class=\"crop \" style=\" width:215px; height:215px; overflow:hidden; \"><img data-gg-real-image-href=\"https:\/\/www.vivez-nature.com\/paris\/wp-content\/uploads\/sites\/4\/2019\/02\/22_VIVEZ-NATURE-2019_\u00a9Photo-Faust-Favart_-215x215.jpg\" src=\"https:\/\/www.vivez-nature.com\/paris\/wp-content\/uploads\/sites\/4\/2019\/02\/22_VIVEZ-NATURE-2019_\u00a9Photo-Faust-Favart_-215x215.jpg\" class=\"ggImg ggLazyImg\" alt=\"22_VIVEZ NATURE 2019_\u00a9Photo Faust Favart_\" title=\"22_VIVEZ NATURE 2019_\u00a9Photo Faust Favart_\" data-description=\"22_VIVEZ NATURE 2019_\u00a9Photo Faust Favart_\" data-caption=\"22_VIVEZ NATURE 2019_\u00a9Photo Faust Favart_\" data-title=\"22_VIVEZ NATURE 2019_\u00a9Photo Faust Favart_\" style=\" width:215px; height:215px; \" \/><\/div><FIGCAPTION class=\"\" data-alpha=\"5\" style=\"color:#ffffff; background-color:#6f0000; font-size:14px; text-align:2; font-family:Default;\" ><div class=\"grid-gallery-figcaption-wrap\" style=\" vertical-align:; \"><\/div><\/FIGCAPTION><\/FIGURE><\/a> <a id=\"gg-1-8\" class=\"gg-link \" href=\"https:\/\/www.vivez-nature.com\/paris\/wp-content\/uploads\/sites\/4\/2019\/02\/19_VIVEZ-NATURE-2019_\u00a9Photo-Faust-Favart_.jpg?gid=1\" target=\"_self\" title=\"19_VIVEZ NATURE 2019_\u00a9Photo Faust Favart_\" data-rel=\"prettyPhoto[pp_gal]\" style=\"border-radius: 0px;\" ><FIGURE class=\"grid-gallery-caption \" data-grid-gallery-type=\"quarter-slide-up\" data-index=\"7\" style=\"display:none;border-radius: 0px; ; margin: 5.3px; width:215px;\" ><div class=\"crop \" style=\" width:215px; height:215px; overflow:hidden; \"><img data-gg-real-image-href=\"https:\/\/www.vivez-nature.com\/paris\/wp-content\/uploads\/sites\/4\/2019\/02\/19_VIVEZ-NATURE-2019_\u00a9Photo-Faust-Favart_-215x215.jpg\" src=\"https:\/\/www.vivez-nature.com\/paris\/wp-content\/uploads\/sites\/4\/2019\/02\/19_VIVEZ-NATURE-2019_\u00a9Photo-Faust-Favart_-215x215.jpg\" class=\"ggImg ggLazyImg\" alt=\"19_VIVEZ NATURE 2019_\u00a9Photo Faust Favart_\" title=\"19_VIVEZ NATURE 2019_\u00a9Photo Faust Favart_\" data-description=\"19_VIVEZ NATURE 2019_\u00a9Photo Faust Favart_\" data-caption=\"19_VIVEZ NATURE 2019_\u00a9Photo Faust Favart_\" data-title=\"19_VIVEZ NATURE 2019_\u00a9Photo Faust Favart_\" style=\" width:215px; height:215px; \" \/><\/div><FIGCAPTION class=\"\" data-alpha=\"5\" style=\"color:#ffffff; background-color:#6f0000; font-size:14px; text-align:2; font-family:Default;\" ><div class=\"grid-gallery-figcaption-wrap\" style=\" vertical-align:; \"><\/div><\/FIGCAPTION><\/FIGURE><\/a> <a id=\"gg-1-9\" class=\"gg-link \" href=\"https:\/\/www.vivez-nature.com\/paris\/wp-content\/uploads\/sites\/4\/2019\/02\/17_VIVEZ-NATURE-2019_\u00a9Photo-Faust-Favart_.jpg?gid=1\" target=\"_self\" title=\"17_VIVEZ NATURE 2019_\u00a9Photo Faust Favart_\" data-rel=\"prettyPhoto[pp_gal]\" style=\"border-radius: 0px;\" ><FIGURE class=\"grid-gallery-caption \" data-grid-gallery-type=\"quarter-slide-up\" data-index=\"8\" style=\"display:none;border-radius: 0px; ; margin: 5.3px; width:215px;\" ><div class=\"crop \" style=\" width:215px; height:215px; overflow:hidden; \"><img data-gg-real-image-href=\"https:\/\/www.vivez-nature.com\/paris\/wp-content\/uploads\/sites\/4\/2019\/02\/17_VIVEZ-NATURE-2019_\u00a9Photo-Faust-Favart_-215x215.jpg\" src=\"https:\/\/www.vivez-nature.com\/paris\/wp-content\/uploads\/sites\/4\/2019\/02\/17_VIVEZ-NATURE-2019_\u00a9Photo-Faust-Favart_-215x215.jpg\" class=\"ggImg ggLazyImg\" alt=\"17_VIVEZ NATURE 2019_\u00a9Photo Faust Favart_\" title=\"17_VIVEZ NATURE 2019_\u00a9Photo Faust Favart_\" data-description=\"17_VIVEZ NATURE 2019_\u00a9Photo Faust Favart_\" data-caption=\"17_VIVEZ NATURE 2019_\u00a9Photo Faust Favart_\" data-title=\"17_VIVEZ NATURE 2019_\u00a9Photo Faust Favart_\" style=\" width:215px; height:215px; \" \/><\/div><FIGCAPTION class=\"\" data-alpha=\"5\" style=\"color:#ffffff; background-color:#6f0000; font-size:14px; text-align:2; font-family:Default;\" ><div class=\"grid-gallery-figcaption-wrap\" style=\" vertical-align:; \"><\/div><\/FIGCAPTION><\/FIGURE><\/a> <a id=\"gg-1-11\" class=\"gg-link \" href=\"https:\/\/www.vivez-nature.com\/paris\/wp-content\/uploads\/sites\/4\/2019\/02\/18_VIVEZ-NATURE-2019_\u00a9Photo-Faust-Favart_.jpg?gid=1\" target=\"_self\" title=\"18_VIVEZ NATURE 2019_\u00a9Photo Faust Favart_\" data-rel=\"prettyPhoto[pp_gal]\" style=\"border-radius: 0px;\" ><FIGURE class=\"grid-gallery-caption \" data-grid-gallery-type=\"quarter-slide-up\" data-index=\"9\" style=\"display:none;border-radius: 0px; ; margin: 5.3px; width:215px;\" ><div class=\"crop \" style=\" width:215px; height:215px; overflow:hidden; \"><img data-gg-real-image-href=\"https:\/\/www.vivez-nature.com\/paris\/wp-content\/uploads\/sites\/4\/2019\/02\/18_VIVEZ-NATURE-2019_\u00a9Photo-Faust-Favart_-215x215.jpg\" src=\"https:\/\/www.vivez-nature.com\/paris\/wp-content\/uploads\/sites\/4\/2019\/02\/18_VIVEZ-NATURE-2019_\u00a9Photo-Faust-Favart_-215x215.jpg\" class=\"ggImg ggLazyImg\" alt=\"18_VIVEZ NATURE 2019_\u00a9Photo Faust Favart_\" title=\"18_VIVEZ NATURE 2019_\u00a9Photo Faust Favart_\" data-description=\"18_VIVEZ NATURE 2019_\u00a9Photo Faust Favart_\" data-caption=\"18_VIVEZ NATURE 2019_\u00a9Photo Faust Favart_\" data-title=\"18_VIVEZ NATURE 2019_\u00a9Photo Faust Favart_\" style=\" width:215px; height:215px; \" \/><\/div><FIGCAPTION class=\"\" data-alpha=\"5\" style=\"color:#ffffff; background-color:#6f0000; font-size:14px; text-align:2; font-family:Default;\" ><div class=\"grid-gallery-figcaption-wrap\" style=\" vertical-align:; \"><\/div><\/FIGCAPTION><\/FIGURE><\/a> <div class=\"grid-gallery-clearfix\"><\/div> <\/div> <div class=\"gallery-sharing-bottom\"><\/div> <div class=\"grid-gallery-clearfix\"><\/div> <\/div> <!-- Gallery by Supsystic plugin 1.12.9 -->\n","protected":false},"excerpt":{"rendered":"<p>D\u00e9couvrez ci-dessous une s\u00e9lection de photos de l&rsquo;\u00e9dition 2019.\u00a0<\/p>\n","protected":false},"author":1,"featured_media":0,"parent":3843,"menu_order":7,"comment_status":"closed","ping_status":"closed","template":"","meta":{"_monsterinsights_skip_tracking":false,"_monsterinsights_sitenote_active":false,"_monsterinsights_sitenote_note":"","_monsterinsights_sitenote_category":0},"yoast_head":"<!-- This site is optimized with the Yoast SEO plugin v19.0 - https:\/\/yoast.com\/wordpress\/plugins\/seo\/ -->\n<title>Le salon en photo - VIVEZ NATURE PARIS<\/title>\n<meta name=\"robots\" content=\"index, follow, max-snippet:-1, max-image-preview:large, max-video-preview:-1\" \/>\n<link rel=\"canonical\" href=\"https:\/\/www.vivez-nature.com\/paris\/visiter\/le-salon-en-photo\/\" \/>\n<meta property=\"og:locale\" content=\"fr_FR\" \/>\n<meta property=\"og:type\" content=\"article\" \/>\n<meta property=\"og:title\" content=\"Le salon en photo - VIVEZ NATURE PARIS\" \/>\n<meta property=\"og:description\" content=\"D\u00e9couvrez ci-dessous une s\u00e9lection de photos de l&rsquo;\u00e9dition 2019.\u00a0\" \/>\n<meta property=\"og:url\" content=\"https:\/\/www.vivez-nature.com\/paris\/visiter\/le-salon-en-photo\/\" \/>\n<meta property=\"og:site_name\" content=\"VIVEZ NATURE PARIS\" \/>\n<meta name=\"twitter:card\" content=\"summary_large_image\" \/>\n<script type=\"application\/ld+json\" class=\"yoast-schema-graph\">{\"@context\":\"https:\/\/schema.org\",\"@graph\":[{\"@type\":\"WebSite\",\"@id\":\"https:\/\/www.vivez-nature.com\/paris\/#website\",\"url\":\"https:\/\/www.vivez-nature.com\/paris\/\",\"name\":\"VIVEZ NATURE PARIS\",\"description\":\"Salon Bio Nature et Bien-\u00eatre\",\"potentialAction\":[{\"@type\":\"SearchAction\",\"target\":{\"@type\":\"EntryPoint\",\"urlTemplate\":\"https:\/\/www.vivez-nature.com\/paris\/?s={search_term_string}\"},\"query-input\":\"required name=search_term_string\"}],\"inLanguage\":\"fr-FR\"},{\"@type\":\"WebPage\",\"@id\":\"https:\/\/www.vivez-nature.com\/paris\/visiter\/le-salon-en-photo\/#webpage\",\"url\":\"https:\/\/www.vivez-nature.com\/paris\/visiter\/le-salon-en-photo\/\",\"name\":\"Le salon en photo - VIVEZ NATURE PARIS\",\"isPartOf\":{\"@id\":\"https:\/\/www.vivez-nature.com\/paris\/#website\"},\"datePublished\":\"2019-02-12T13:07:05+00:00\",\"dateModified\":\"2019-02-12T13:07:05+00:00\",\"breadcrumb\":{\"@id\":\"https:\/\/www.vivez-nature.com\/paris\/visiter\/le-salon-en-photo\/#breadcrumb\"},\"inLanguage\":\"fr-FR\",\"potentialAction\":[{\"@type\":\"ReadAction\",\"target\":[\"https:\/\/www.vivez-nature.com\/paris\/visiter\/le-salon-en-photo\/\"]}]},{\"@type\":\"BreadcrumbList\",\"@id\":\"https:\/\/www.vivez-nature.com\/paris\/visiter\/le-salon-en-photo\/#breadcrumb\",\"itemListElement\":[{\"@type\":\"ListItem\",\"position\":1,\"name\":\"Accueil\",\"item\":\"https:\/\/www.vivez-nature.com\/paris\/\"},{\"@type\":\"ListItem\",\"position\":2,\"name\":\"Visiter le salon\",\"item\":\"https:\/\/www.vivez-nature.com\/paris\/visiter\/\"},{\"@type\":\"ListItem\",\"position\":3,\"name\":\"Le salon en photo\"}]}]}<\/script>\n<!-- \/ Yoast SEO plugin. -->","yoast_head_json":{"title":"Le salon en photo - VIVEZ NATURE PARIS","robots":{"index":"index","follow":"follow","max-snippet":"max-snippet:-1","max-image-preview":"max-image-preview:large","max-video-preview":"max-video-preview:-1"},"canonical":"https:\/\/www.vivez-nature.com\/paris\/visiter\/le-salon-en-photo\/","og_locale":"fr_FR","og_type":"article","og_title":"Le salon en photo - VIVEZ NATURE PARIS","og_description":"D\u00e9couvrez ci-dessous une s\u00e9lection de photos de l&rsquo;\u00e9dition 2019.\u00a0","og_url":"https:\/\/www.vivez-nature.com\/paris\/visiter\/le-salon-en-photo\/","og_site_name":"VIVEZ NATURE PARIS","twitter_card":"summary_large_image","schema":{"@context":"https:\/\/schema.org","@graph":[{"@type":"WebSite","@id":"https:\/\/www.vivez-nature.com\/paris\/#website","url":"https:\/\/www.vivez-nature.com\/paris\/","name":"VIVEZ NATURE PARIS","description":"Salon Bio Nature et Bien-\u00eatre","potentialAction":[{"@type":"SearchAction","target":{"@type":"EntryPoint","urlTemplate":"https:\/\/www.vivez-nature.com\/paris\/?s={search_term_string}"},"query-input":"required name=search_term_string"}],"inLanguage":"fr-FR"},{"@type":"WebPage","@id":"https:\/\/www.vivez-nature.com\/paris\/visiter\/le-salon-en-photo\/#webpage","url":"https:\/\/www.vivez-nature.com\/paris\/visiter\/le-salon-en-photo\/","name":"Le salon en photo - VIVEZ NATURE PARIS","isPartOf":{"@id":"https:\/\/www.vivez-nature.com\/paris\/#website"},"datePublished":"2019-02-12T13:07:05+00:00","dateModified":"2019-02-12T13:07:05+00:00","breadcrumb":{"@id":"https:\/\/www.vivez-nature.com\/paris\/visiter\/le-salon-en-photo\/#breadcrumb"},"inLanguage":"fr-FR","potentialAction":[{"@type":"ReadAction","target":["https:\/\/www.vivez-nature.com\/paris\/visiter\/le-salon-en-photo\/"]}]},{"@type":"BreadcrumbList","@id":"https:\/\/www.vivez-nature.com\/paris\/visiter\/le-salon-en-photo\/#breadcrumb","itemListElement":[{"@type":"ListItem","position":1,"name":"Accueil","item":"https:\/\/www.vivez-nature.com\/paris\/"},{"@type":"ListItem","position":2,"name":"Visiter le salon","item":"https:\/\/www.vivez-nature.com\/paris\/visiter\/"},{"@type":"ListItem","position":3,"name":"Le salon en photo"}]}]}},"_links":{"self":[{"href":"https:\/\/www.vivez-nature.com\/paris\/wp-json\/wp\/v2\/pages\/6317"}],"collection":[{"href":"https:\/\/www.vivez-nature.com\/paris\/wp-json\/wp\/v2\/pages"}],"about":[{"href":"https:\/\/www.vivez-nature.com\/paris\/wp-json\/wp\/v2\/types\/page"}],"author":[{"embeddable":true,"href":"https:\/\/www.vivez-nature.com\/paris\/wp-json\/wp\/v2\/users\/1"}],"replies":[{"embeddable":true,"href":"https:\/\/www.vivez-nature.com\/paris\/wp-json\/wp\/v2\/comments?post=6317"}],"version-history":[{"count":1,"href":"https:\/\/www.vivez-nature.com\/paris\/wp-json\/wp\/v2\/pages\/6317\/revisions"}],"predecessor-version":[{"id":6328,"href":"https:\/\/www.vivez-nature.com\/paris\/wp-json\/wp\/v2\/pages\/6317\/revisions\/6328"}],"up":[{"embeddable":true,"href":"https:\/\/www.vivez-nature.com\/paris\/wp-json\/wp\/v2\/pages\/3843"}],"wp:attachment":[{"href":"https:\/\/www.vivez-nature.com\/paris\/wp-json\/wp\/v2\/media?parent=6317"}],"curies":[{"name":"wp","href":"https:\/\/api.w.org\/{rel}","templated":true}]}}